{"id":1252,"date":"2022-10-29T01:54:53","date_gmt":"2022-10-29T01:54:53","guid":{"rendered":"http:\/\/casasiqui.com\/?post_type=event_listing&#038;p=1252"},"modified":"2022-11-17T19:39:47","modified_gmt":"2022-11-17T19:39:47","slug":"feria-en-el-bosque-encantado","status":"publish","type":"event_listing","link":"https:\/\/www.casasiqui.com\/en\/event\/feria-en-el-bosque-encantado\/","title":{"rendered":"Feria en el bosque encantado"},"content":{"rendered":"<figure class=\"wp-block-gallery has-nested-images columns-default is-cropped wp-block-gallery-1 is-layout-flex wp-block-gallery-is-layout-flex\">\n<figure class=\"wp-block-image size-large\"><img decoding=\"async\" data-id=\"1254\" src=\"http:\/\/casasiqui.com\/wp-content\/uploads\/2022\/10\/Feria-rn-el-bosque-corregido-1-1024x1024.png\" alt=\"\" class=\"wp-image-1254\"\/><\/figure>\n<\/figure>\n\n\n\n<p>Los queremos invitar este Domingo 30 de Noviembre a la FERIA EN EL BOSQUE ENCANTADO<\/p>\n\n\n\n<figure class=\"wp-block-image\"><img decoding=\"async\" src=\"https:\/\/abs-0.twimg.com\/emoji\/v2\/svg\/1f332.svg\" alt=\"\ud83c\udf32\" title=\"Evergreen tree\"\/><\/figure>\n\n\n\n<p>Un espacio para que ni\u00f1os y ni\u00f1as aprendan y se diviertan<\/p>\n\n\n\n<figure class=\"wp-block-image\"><img decoding=\"async\" src=\"https:\/\/abs-0.twimg.com\/emoji\/v2\/svg\/1f917.svg\" alt=\"\ud83e\udd17\" title=\"Smiling face with open hands\"\/><\/figure>\n\n\n\n<p>Tendremos feria de emprendimiento donde los ni\u00f1os ser\u00e1n los emprendedores, concurso de disfraces, Miniteca y mucho m\u00e1s <\/p>\n\n\n\n<figure class=\"wp-block-image\"><img decoding=\"async\" src=\"https:\/\/abs-0.twimg.com\/emoji\/v2\/svg\/1f98b.svg\" alt=\"\ud83e\udd8b\" title=\"Butterfly\"\/><\/figure>\n\n\n\n<p>TE ESPERAMOS<\/p>","protected":false},"featured_media":0,"template":"","meta":{"site-sidebar-layout":"default","site-content-layout":"","ast-site-content-layout":"default","site-content-style":"default","site-sidebar-style":"default","ast-global-header-display":"","ast-banner-title-visibility":"","ast-main-header-display":"","ast-hfb-above-header-display":"","ast-hfb-below-header-display":"","ast-hfb-mobile-header-display":"","site-post-title":"","ast-breadcrumbs-content":"","ast-featured-img":"","footer-sml-layout":"","ast-disable-related-posts":"","theme-transparent-header-meta":"","adv-header-id-meta":"","stick-header-meta":"","header-above-stick-meta":"","header-main-stick-meta":"","header-below-stick-meta":"","astra-migrate-meta-layouts":"default","ast-page-background-enabled":"default","ast-page-background-meta":{"desktop":{"background-color":"var(--ast-global-color-5)","background-image":"","background-repeat":"repeat","background-position":"center center","background-size":"auto","background-attachment":"scroll","background-type":"","background-media":"","overlay-type":"","overlay-color":"","overlay-opacity":"","overlay-gradient":""},"tablet":{"background-color":"","background-image":"","background-repeat":"repeat","background-position":"center center","background-size":"auto","background-attachment":"scroll","background-type":"","background-media":"","overlay-type":"","overlay-color":"","overlay-opacity":"","overlay-gradient":""},"mobile":{"background-color":"","background-image":"","background-repeat":"repeat","background-position":"center center","background-size":"auto","background-attachment":"scroll","background-type":"","background-media":"","overlay-type":"","overlay-color":"","overlay-opacity":"","overlay-gradient":""}},"ast-content-background-meta":{"desktop":{"background-color":"var(--ast-global-color-4)","background-image":"","background-repeat":"repeat","background-position":"center center","background-size":"auto","background-attachment":"scroll","background-type":"","background-media":"","overlay-type":"","overlay-color":"","overlay-opacity":"","overlay-gradient":""},"tablet":{"background-color":"var(--ast-global-color-4)","background-image":"","background-repeat":"repeat","background-position":"center center","background-size":"auto","background-attachment":"scroll","background-type":"","background-media":"","overlay-type":"","overlay-color":"","overlay-opacity":"","overlay-gradient":""},"mobile":{"background-color":"var(--ast-global-color-4)","background-image":"","background-repeat":"repeat","background-position":"center center","background-size":"auto","background-attachment":"scroll","background-type":"","background-media":"","overlay-type":"","overlay-color":"","overlay-opacity":"","overlay-gradient":""}}},"class_list":["post-1252","event_listing","type-event_listing","status-publish","hentry"],"yoast_head":"<!-- This site is optimized with the Yoast SEO plugin v27.3 - https:\/\/yoast.com\/product\/yoast-seo-wordpress\/ -->\n<title>Feria en el bosque encantado -<\/title>\n<meta name=\"robots\" content=\"index, follow, max-snippet:-1, max-image-preview:large, max-video-preview:-1\" \/>\n<link rel=\"canonical\" href=\"https:\/\/www.casasiqui.com\/en\/event\/feria-en-el-bosque-encantado\/\" \/>\n<meta property=\"og:locale\" content=\"en_US\" \/>\n<meta property=\"og:type\" content=\"article\" \/>\n<meta property=\"og:title\" content=\"Feria en el bosque encantado -\" \/>\n<meta property=\"og:description\" content=\"Los queremos invitar este Domingo 30 de Noviembre a la FERIA EN EL BOSQUE ENCANTADO Un espacio para que ni\u00f1os [&hellip;]\" \/>\n<meta property=\"og:url\" content=\"https:\/\/www.casasiqui.com\/en\/event\/feria-en-el-bosque-encantado\/\" \/>\n<meta property=\"article:publisher\" content=\"https:\/\/www.facebook.com\/profile.php?id=100089624748492\" \/>\n<meta property=\"article:modified_time\" content=\"2022-11-17T19:39:47+00:00\" \/>\n<meta property=\"og:image\" content=\"http:\/\/casasiqui.com\/wp-content\/uploads\/2022\/10\/Feria-rn-el-bosque-corregido-1-1024x1024.png\" \/>\n<meta name=\"twitter:card\" content=\"summary_large_image\" \/>\n<script type=\"application\/ld+json\" class=\"yoast-schema-graph\">{\"@context\":\"https:\\\/\\\/schema.org\",\"@graph\":[{\"@type\":\"WebPage\",\"@id\":\"https:\\\/\\\/www.casasiqui.com\\\/event\\\/feria-en-el-bosque-encantado\\\/\",\"url\":\"https:\\\/\\\/www.casasiqui.com\\\/event\\\/feria-en-el-bosque-encantado\\\/\",\"name\":\"Feria en el bosque encantado -\",\"isPartOf\":{\"@id\":\"https:\\\/\\\/www.casasiqui.com\\\/#website\"},\"primaryImageOfPage\":{\"@id\":\"https:\\\/\\\/www.casasiqui.com\\\/event\\\/feria-en-el-bosque-encantado\\\/#primaryimage\"},\"image\":{\"@id\":\"https:\\\/\\\/www.casasiqui.com\\\/event\\\/feria-en-el-bosque-encantado\\\/#primaryimage\"},\"thumbnailUrl\":\"http:\\\/\\\/casasiqui.com\\\/wp-content\\\/uploads\\\/2022\\\/10\\\/Feria-rn-el-bosque-corregido-1-1024x1024.png\",\"datePublished\":\"2022-10-29T01:54:53+00:00\",\"dateModified\":\"2022-11-17T19:39:47+00:00\",\"breadcrumb\":{\"@id\":\"https:\\\/\\\/www.casasiqui.com\\\/event\\\/feria-en-el-bosque-encantado\\\/#breadcrumb\"},\"inLanguage\":\"en-US\",\"potentialAction\":[{\"@type\":\"ReadAction\",\"target\":[\"https:\\\/\\\/www.casasiqui.com\\\/event\\\/feria-en-el-bosque-encantado\\\/\"]}]},{\"@type\":\"ImageObject\",\"inLanguage\":\"en-US\",\"@id\":\"https:\\\/\\\/www.casasiqui.com\\\/event\\\/feria-en-el-bosque-encantado\\\/#primaryimage\",\"url\":\"http:\\\/\\\/casasiqui.com\\\/wp-content\\\/uploads\\\/2022\\\/10\\\/Feria-rn-el-bosque-corregido-1-1024x1024.png\",\"contentUrl\":\"http:\\\/\\\/casasiqui.com\\\/wp-content\\\/uploads\\\/2022\\\/10\\\/Feria-rn-el-bosque-corregido-1-1024x1024.png\"},{\"@type\":\"BreadcrumbList\",\"@id\":\"https:\\\/\\\/www.casasiqui.com\\\/event\\\/feria-en-el-bosque-encantado\\\/#breadcrumb\",\"itemListElement\":[{\"@type\":\"ListItem\",\"position\":1,\"name\":\"Portada\",\"item\":\"https:\\\/\\\/www.casasiqui.com\\\/\"},{\"@type\":\"ListItem\",\"position\":2,\"name\":\"Feria en el bosque encantado\"}]},{\"@type\":\"WebSite\",\"@id\":\"https:\\\/\\\/www.casasiqui.com\\\/#website\",\"url\":\"https:\\\/\\\/www.casasiqui.com\\\/\",\"name\":\"\",\"description\":\"Casa Siqui\",\"potentialAction\":[{\"@type\":\"SearchAction\",\"target\":{\"@type\":\"EntryPoint\",\"urlTemplate\":\"https:\\\/\\\/www.casasiqui.com\\\/?s={search_term_string}\"},\"query-input\":{\"@type\":\"PropertyValueSpecification\",\"valueRequired\":true,\"valueName\":\"search_term_string\"}}],\"inLanguage\":\"en-US\"}]}<\/script>\n<!-- \/ Yoast SEO plugin. -->","yoast_head_json":{"title":"Feria en el bosque encantado -","robots":{"index":"index","follow":"follow","max-snippet":"max-snippet:-1","max-image-preview":"max-image-preview:large","max-video-preview":"max-video-preview:-1"},"canonical":"https:\/\/www.casasiqui.com\/en\/event\/feria-en-el-bosque-encantado\/","og_locale":"en_US","og_type":"article","og_title":"Feria en el bosque encantado -","og_description":"Los queremos invitar este Domingo 30 de Noviembre a la FERIA EN EL BOSQUE ENCANTADO Un espacio para que ni\u00f1os [&hellip;]","og_url":"https:\/\/www.casasiqui.com\/en\/event\/feria-en-el-bosque-encantado\/","article_publisher":"https:\/\/www.facebook.com\/profile.php?id=100089624748492","article_modified_time":"2022-11-17T19:39:47+00:00","og_image":[{"url":"http:\/\/casasiqui.com\/wp-content\/uploads\/2022\/10\/Feria-rn-el-bosque-corregido-1-1024x1024.png","type":"","width":"","height":""}],"twitter_card":"summary_large_image","schema":{"@context":"https:\/\/schema.org","@graph":[{"@type":"WebPage","@id":"https:\/\/www.casasiqui.com\/event\/feria-en-el-bosque-encantado\/","url":"https:\/\/www.casasiqui.com\/event\/feria-en-el-bosque-encantado\/","name":"Feria en el bosque encantado -","isPartOf":{"@id":"https:\/\/www.casasiqui.com\/#website"},"primaryImageOfPage":{"@id":"https:\/\/www.casasiqui.com\/event\/feria-en-el-bosque-encantado\/#primaryimage"},"image":{"@id":"https:\/\/www.casasiqui.com\/event\/feria-en-el-bosque-encantado\/#primaryimage"},"thumbnailUrl":"http:\/\/casasiqui.com\/wp-content\/uploads\/2022\/10\/Feria-rn-el-bosque-corregido-1-1024x1024.png","datePublished":"2022-10-29T01:54:53+00:00","dateModified":"2022-11-17T19:39:47+00:00","breadcrumb":{"@id":"https:\/\/www.casasiqui.com\/event\/feria-en-el-bosque-encantado\/#breadcrumb"},"inLanguage":"en-US","potentialAction":[{"@type":"ReadAction","target":["https:\/\/www.casasiqui.com\/event\/feria-en-el-bosque-encantado\/"]}]},{"@type":"ImageObject","inLanguage":"en-US","@id":"https:\/\/www.casasiqui.com\/event\/feria-en-el-bosque-encantado\/#primaryimage","url":"http:\/\/casasiqui.com\/wp-content\/uploads\/2022\/10\/Feria-rn-el-bosque-corregido-1-1024x1024.png","contentUrl":"http:\/\/casasiqui.com\/wp-content\/uploads\/2022\/10\/Feria-rn-el-bosque-corregido-1-1024x1024.png"},{"@type":"BreadcrumbList","@id":"https:\/\/www.casasiqui.com\/event\/feria-en-el-bosque-encantado\/#breadcrumb","itemListElement":[{"@type":"ListItem","position":1,"name":"Portada","item":"https:\/\/www.casasiqui.com\/"},{"@type":"ListItem","position":2,"name":"Feria en el bosque encantado"}]},{"@type":"WebSite","@id":"https:\/\/www.casasiqui.com\/#website","url":"https:\/\/www.casasiqui.com\/","name":"","description":"Casa Siqui","potentialAction":[{"@type":"SearchAction","target":{"@type":"EntryPoint","urlTemplate":"https:\/\/www.casasiqui.com\/?s={search_term_string}"},"query-input":{"@type":"PropertyValueSpecification","valueRequired":true,"valueName":"search_term_string"}}],"inLanguage":"en-US"}]}},"_links":{"self":[{"href":"https:\/\/www.casasiqui.com\/en\/wp-json\/wp\/v2\/event_listing\/1252","targetHints":{"allow":["GET"]}}],"collection":[{"href":"https:\/\/www.casasiqui.com\/en\/wp-json\/wp\/v2\/event_listing"}],"about":[{"href":"https:\/\/www.casasiqui.com\/en\/wp-json\/wp\/v2\/types\/event_listing"}],"wp:attachment":[{"href":"https:\/\/www.casasiqui.com\/en\/wp-json\/wp\/v2\/media?parent=1252"}],"curies":[{"name":"wp","href":"https:\/\/api.w.org\/{rel}","templated":true}]}}

<figure class="wp-block-gallery has-nested-images columns-default is-cropped wp-block-gallery-1 is-layout-flex wp-block-gallery-is-layout-flex">
<figure class="wp-block-image size-large"><img decoding="async" data-id="1254" src="http://casasiqui.com/wp-content/uploads/2022/10/Feria-rn-el-bosque-corregido-1-1024x1024.png" alt="" class="wp-image-1254"/></figure>
</figure>



<p>Los queremos invitar este Domingo 30 de Noviembre a la FERIA EN EL BOSQUE ENCANTADO</p>



<figure class="wp-block-image"><img decoding="async" src="https://abs-0.twimg.com/emoji/v2/svg/1f332.svg" alt="🌲" title="Evergreen tree"/></figure>



<p>Un espacio para que niños y niñas aprendan y se diviertan</p>



<figure class="wp-block-image"><img decoding="async" src="https://abs-0.twimg.com/emoji/v2/svg/1f917.svg" alt="🤗" title="Smiling face with open hands"/></figure>



<p>Tendremos feria de emprendimiento donde los niños serán los emprendedores, concurso de disfraces, Miniteca y mucho más </p>



<figure class="wp-block-image"><img decoding="async" src="https://abs-0.twimg.com/emoji/v2/svg/1f98b.svg" alt="🦋" title="Butterfly"/></figure>



<p>TE ESPERAMOS</p>

<!-- This site is optimized with the Yoast SEO plugin v27.3 - https://yoast.com/product/yoast-seo-wordpress/ -->
<title>Feria en el bosque encantado -</title>
<meta name="robots" content="index, follow, max-snippet:-1, max-image-preview:large, max-video-preview:-1" />
<link rel="canonical" href="https://www.casasiqui.com/en/event/feria-en-el-bosque-encantado/" />
<meta property="og:locale" content="en_US" />
<meta property="og:type" content="article" />
<meta property="og:title" content="Feria en el bosque encantado -" />
<meta property="og:description" content="Los queremos invitar este Domingo 30 de Noviembre a la FERIA EN EL BOSQUE ENCANTADO Un espacio para que niños [&hellip;]" />
<meta property="og:url" content="https://www.casasiqui.com/en/event/feria-en-el-bosque-encantado/" />
<meta property="article:publisher" content="https://www.facebook.com/profile.php?id=100089624748492" />
<meta property="article:modified_time" content="2022-11-17T19:39:47+00:00" />
<meta property="og:image" content="http://casasiqui.com/wp-content/uploads/2022/10/Feria-rn-el-bosque-corregido-1-1024x1024.png" />
<meta name="twitter:card" content="summary_large_image" />
<script type="application/ld+json" class="yoast-schema-graph">{"@context":"https:\/\/schema.org","@graph":[{"@type":"WebPage","@id":"https:\/\/www.casasiqui.com\/event\/feria-en-el-bosque-encantado\/","url":"https:\/\/www.casasiqui.com\/event\/feria-en-el-bosque-encantado\/","name":"Feria en el bosque encantado -","isPartOf":{"@id":"https:\/\/www.casasiqui.com\/#website"},"primaryImageOfPage":{"@id":"https:\/\/www.casasiqui.com\/event\/feria-en-el-bosque-encantado\/#primaryimage"},"image":{"@id":"https:\/\/www.casasiqui.com\/event\/feria-en-el-bosque-encantado\/#primaryimage"},"thumbnailUrl":"http:\/\/casasiqui.com\/wp-content\/uploads\/2022\/10\/Feria-rn-el-bosque-corregido-1-1024x1024.png","datePublished":"2022-10-29T01:54:53+00:00","dateModified":"2022-11-17T19:39:47+00:00","breadcrumb":{"@id":"https:\/\/www.casasiqui.com\/event\/feria-en-el-bosque-encantado\/#breadcrumb"},"inLanguage":"en-US","potentialAction":[{"@type":"ReadAction","target":["https:\/\/www.casasiqui.com\/event\/feria-en-el-bosque-encantado\/"]}]},{"@type":"ImageObject","inLanguage":"en-US","@id":"https:\/\/www.casasiqui.com\/event\/feria-en-el-bosque-encantado\/#primaryimage","url":"http:\/\/casasiqui.com\/wp-content\/uploads\/2022\/10\/Feria-rn-el-bosque-corregido-1-1024x1024.png","contentUrl":"http:\/\/casasiqui.com\/wp-content\/uploads\/2022\/10\/Feria-rn-el-bosque-corregido-1-1024x1024.png"},{"@type":"BreadcrumbList","@id":"https:\/\/www.casasiqui.com\/event\/feria-en-el-bosque-encantado\/#breadcrumb","itemListElement":[{"@type":"ListItem","position":1,"name":"Portada","item":"https:\/\/www.casasiqui.com\/"},{"@type":"ListItem","position":2,"name":"Feria en el bosque encantado"}]},{"@type":"WebSite","@id":"https:\/\/www.casasiqui.com\/#website","url":"https:\/\/www.casasiqui.com\/","name":"","description":"Casa Siqui","potentialAction":[{"@type":"SearchAction","target":{"@type":"EntryPoint","urlTemplate":"https:\/\/www.casasiqui.com\/?s={search_term_string}"},"query-input":{"@type":"PropertyValueSpecification","valueRequired":true,"valueName":"search_term_string"}}],"inLanguage":"en-US"}]}</script>
<!-- / Yoast SEO plugin. -->

Los queremos invitar este Domingo 30 de Noviembre a la FERIA EN EL BOSQUE ENCANTADO Un espacio para que niños [&hellip;]
